sor of 228975 and 2769.
213
Calculate the highest common divisor of 147654 and 36.
18
What is the greatest common factor of 20 and 386948?
4
What is the highest common divisor of 378 and 49626?
54
What is the highest common divisor of 10944 and 128?
64
Calculate the greatest common factor of 490 and 88760.
70
What is the highest common divisor of 3289 and 9568?
299
Calculate the greatest common factor of 105689 and 34.
17
What is the greatest common divisor of 6996 and 253?
11
What is the highest common factor of 16591 and 30358?
353
What is the highest common divisor of 960 and 90320?
80
Calculate the greatest common factor of 70 and 14266.
14
What is the greatest common factor of 501864 and 396?
132
Calculate the highest common divisor of 65056 and 76.
76
What is the highest common factor of 939 and 218474?
313
Calculate the highest common factor of 429 and 16621.
11
What is the highest common factor of 1024 and 13408?
32
Calculate the highest common divisor of 14676 and 582.
6
Calculate the highest common divisor of 1345 and 81238.
269
What is the highest common divisor of 4756 and 1276?
116
Calculate the highest common factor of 117 and 21034.
13
What is the greatest common divisor of 5891 and 4257?
43
Calculate the highest common factor of 558 and 155.
31
Calculate the greatest common divisor of 1001 and 67522.
91
What is the highest common factor of 1893688 and 670?
134
Calculate the highest common divisor of 132 and 5892.
12
What is the highest common factor of 1271 and 205?
41
Calculate the highest common divisor of 23046 and 168837.
501
Calculate the highest common factor of 154296 and 408.
24
What is the greatest common divisor of 18573 and 1963?
151
Calculate the greatest common divisor of 193805 and 934.
467
What is the greatest common factor of 5828 and 120508?
188
What is the highest common factor of 409669 and 39?
13
Calculate the greatest common divisor of 27 and 88839.
9
What is the highest common factor of 104100 and 4800?
300
Calculate the highest common divisor of 132 and 4059836.
44
Calculate the greatest common divisor of 4399 and 67728.
83
What is the greatest common divisor of 505 and 810?
5
Calculate the greatest common factor of 339399 and 129.
129
Calculate the highest common divisor of 12276 and 23364.
396
What is the highest common factor of 420813 and 441?
9
What is the greatest common factor of 99 and 1058541?
33
What is the highest common factor of 14878 and 1730?
346
Calculate the greatest common factor of 417412 and 4820.
964
Calculate the highest common factor of 21781 and 3128.
23
What is the greatest common factor of 93883 and 1115?
223
Calculate the highest common divisor of 256370 and 21390.
310
What is the highest common factor of 1584 and 576?
144
What is the greatest common factor of 41904 and 47196?
108
What is the greatest common factor of 1020585 and 30?
15
Calculate the greatest common divisor of 9826668 and 108.
36
Calculate the greatest common factor of 2494 and 3712.
58
Calculate the highest common factor of 28692 and 1764.
36
What is the greatest common divisor of 3164 and 49?
7
What is the greatest common divisor of 408 and 939?
3
What is the greatest common divisor of 225 and 46680?
15
What is the greatest common factor of 38 and 400178?
38
Calculate the highest common divisor of 2528 and 1888.
32
Calculate the highest common factor of 558 and 12116412.
558
Calculate the greatest common factor of 189641 and 142.
71
Calculate the highest common factor of 6751 and 129.
43
What is the highest common divisor of 11692 and 1850?
74
What is the highest common factor of 2765 and 632?
79
Calculate the highest common factor of 1218024 and 513.
27
What is the highest common divisor of 3650 and 2050?
50
Calculate the greatest common divisor of 236313 and 4851.
693
Calculate the highest common factor of 1637545 and 105.
35
Calculate the greatest common factor of 345619 and 31.
31
What is the highest common factor of 12 and 4201404?
12
Calculate the greatest common factor of 368161 and 69.
23
Calculate the greatest common factor of 60 and 340140.
60
What is the greatest common divisor of 16872 and 168?
24
What is the highest common factor of 264 and 248644?
44
Calculate the greatest common divisor of 621 and 2655603.
207
Calculate the greatest common divisor of 66 and 2468202.
66
Calculate the greatest common factor of 45269 and 2007.
223
Calculate the greatest common factor of 54 and 40428.
18
Calculate the greatest common factor of 1980480 and 840.
120
What is the greatest common divisor of 1257420 and 2280?
1140
Calculate the highest common factor of 11456 and 895.
179
Calculate the highest common factor of 14104 and 33128.
328
Calculate the highest common divisor of 37837 and 471.
157
Calculate the greatest common factor of 14758 and 1504.
94
What is the highest common factor of 2703102 and 306?
102
What is the highest common divisor of 4 and 78332?
4
Calculate the greatest common factor of 1656 and 6681960.
1656
What is the greatest common factor of 108 and 5964?
12
What is the highest common divisor of 11666 and 114?
38
What is the greatest common divisor of 1394 and 24786?
34
What is the greatest common divisor of 1332 and 148777?
37
What is the greatest common factor of 40 and 325880?
40
What is the greatest common divisor of 1578053 and 23?
23
Calculate the greatest common factor of 2072 and 56.
56
Calculate the highest common divisor of 11752 and 3277.
113
What is the greatest common factor of 40 and 16680?
40
What is the highest common divisor of 2770 and 134345?
1385
What is the highest common factor of 314 and 38?
2
What is the highest common divisor of 600425 and 135415?
2555
Calculate the highest common factor of 84 and 114597.
21
Calculate the highest common factor of 4053256 and 824.
824
Calculate the greatest common factor of 1785 and 79611.
357
Calculate the greatest common divisor of 314699 and 17688.
737
What is the highest common divisor of 10644 and 36?
12
Calculate the greatest common divisor of 3475 and 551830.
695
Calculate the greatest common divisor of 133824 and 3536.
272
What is the greatest common divisor of 634 and 332533?
317
What is the highest common divisor of 4146 and 2505566?
1382
What is the greatest common factor of 1147 and 9472?
37
What is the highest common factor of 10284 and 768?
12
What is the greatest common factor of 1050 and 12789?
21
Calculate the highest common factor of 174267 and 1407.
201
What is the highest common divisor of 1325180 and 6511?
383
What is the greatest common factor of 64 and 41536?
64
Calculate the greatest common factor of 31901 and 342.
19
Calculate the highest common divisor of 66 and 360129.
33
Calculate the highest common factor of 3111 and 33.
3
Calculate the greatest common factor of 236370 and 30.
30
What is the greatest common divisor of 2455 and 160?
5
What is the highest common factor of 433905 and 555?
15
Calculate the highest common factor of 576 and 2547.
9
What is the highest common factor of 7426 and 31126?
158
What is the highest common factor of 2529 and 639?
9
Calculate the highest common divisor of 326 and 1694222.
326
What is the highest common divisor of 37050 and 550?
50
What is the greatest common divisor of 50 and 251050?
50
What is the greatest common divisor of 36985 and 3983?
569
What is the highest common divisor of 11178 and 1134?
162
What is the highest common divisor of 2304549 and 117?
117
Calculate the highest common factor of 51805 and 65.
65
What is the greatest common divisor of 5176 and 2171979?
647
What is the highest common divisor of 3672 and 28696?
136
What is the highest common factor of 3396 and 12?
12
Calculate the greatest common factor of 22 and 57321.
11
Calculate the greatest common divisor of 20 and 309380.
20
What is the greatest common factor of 246780 and 5040?
180
What is the highest common factor of 6 and 245388?
6
What is the greatest common divisor of 575 and 25093?
23
What is the greatest common factor of 5255 and 594866?
1051
Calculate the highest common factor of 320 and 13360.
80
Calculate the highest common divisor of 177764 and 8.
4
What is the greatest common divisor of 19315 and 160?
5
What is the highest common divisor of 362 and 819025?
181
Calculate the highest com